 prime number?
True
Let w be (-2 - 3/(-2))*2. Let t be (1065/(-12))/(w/28). Suppose y = -4*y + t. Is y a prime number?
False
Let w = 1792997 + -1130388. Is w a composite number?
True
Let h(n) = -376*n - 125. Let a(j) = j**3 - 7*j**2 - 12*j + 22. Let f be a(8). Is h(f) prime?
False
Suppose 5*u = -7*u + 168. Suppose 4*f + u = 2*r, -r - 41 = -4*r + f. Is r a prime number?
False
Suppose -12*s = -7*s + 8*s. Let c(j) = -j**2 + 11*j + 8735. Is c(s) a prime number?
False
Suppose 2*m = 70717 + 61885. Is m composite?
False
Is (7/(-70))/((-2)/(-5)) - (-206205)/4 prime?
True
Suppose -6*u + 5*u - 8621 = 0. Let o = -4714 - u. Is o composite?
False
Let b(u) be the second derivative of -11*u**3/2 + 53*u**2/2 - u + 160. Suppose -4*n - n - 50 = -5*h, -28 = 2*n - 4*h. Is b(n) prime?
True
Let p be 0*(1/(-2))/(2/(-2)). Suppose -3*x + 6*y - 3*y = -5532, x - 5*y - 1848 = p. Is x composite?
True
Suppose 0*x - 3*x = -5*z - 42, -4*z + x - 28 = 0. Let p(j) = 6*j + 36. Let w be p(z). Is ((-5)/(-10))/(2/1796 + w) prime?
True
Let r(b) = 79*b**2 - 7*b - 1. Let s(m) = 3*m**2 + 48*m - 98. Let j be s(-18). Is r(j) composite?
False
Suppose 4*r - 3628114 = -5*d, -3*d - 1680822 - 2854339 = -5*r. Is r prime?
True
Let s(m) = -4467*m + 2276. Is s(-5) a composite number?
False
Let q be 32/14*(-14)/(-4). Let d(o) be the second derivative of 65*o**3/6 - 11*o**2/2 - 15*o. Is d(q) prime?
True
Let z(a) = -40*a - 8. Let r be z(5). Let k(h) = -8*h**2 - 14*h + 29. Let o be k(9). Let f = r - o. Is f composite?
True
Let c = 7295 - 4427. Let p be -4*(3525/4)/3. Let b = c + p. Is b a composite number?
False
Suppose -3*s = 6*s + 522. Let b = -50 - s. Suppose b*a - 4*a - 652 = 0. Is a composite?
False
Suppose 732143 + 3477822 = 17*t. Is t composite?
True
Suppose 5*t + 11 = q + 3*t, -4*q - 16 = 4*t. Suppose -5*i + 0*i = 4*y + 14, 2*i = -y - 8. Is (-2)/i*3747/q a prime number?
True
Let h(c) = 70*c**2 - 18*c + 58. Let k be h(6). Let p = k - -3481. Is p composite?
True
Let l be 0/(7/(49/(-7))). Suppose -10*j - 8*j + 88362 = l. Is j a prime number?
True
Let l(y) = -813*y + 122563. Is l(0) a composite number?
True
Let a(m) = -2*m - 10. Let n be a(-7). Suppose 2*g = 4*z + 1 + 3, 4*z = g + n. Suppose 10 = 2*r, 5*r = -g*x + 4*x + 2317. Is x a composite number?
True
Suppose -335 = 2*f - 2*m + m, 2*f - 4*m = -332. Let y = 251 + f. Is y a prime number?
True
Let z = -54 + 68. Let r be (-6)/21 + (-15704)/z. Let a = -635 - r. Is a composite?
False
Suppose 2*r = 53*n - 58*n + 1064545, 0 = -4*n + 5*r + 851669. Is n composite?
True
Suppose -1191*w = -1181*w - 162730. Is w a prime number?
True
Let m = -59497 - -94828. Is m prime?
False
Suppose 349605 = 10*k - 997705. Is k a composite number?
False
Suppose 5*l = -3*g + 52, 2*l = -3*g + 4*g + 1. Suppose g*t = 8142 + 435. Is t composite?
False
Let u = -664260 + 1367903. Is u composite?
False
Let j(l) = 12*l**2 + 57*l + 19. Let v(k) = -4*k + 140. Let g be v(37). Is j(g) a composite number?
False
Let h(k) = 2*k**3 - 6*k**2 - 20*k. Let m be h(5). Suppose 6*z - 2254 - 6140 = m. Is z a composite number?
False
Suppose -100760 - 33077 = -11*j + 109230. Is j a prime number?
False
Let a = -576 + 591. Suppose 37*x - a*x - 13618 = 0. Is x a prime number?
True
Suppose 82498 = 5*m - 5*n - 21452, 2*n + 83146 = 4*m. Is m composite?
True
Let b(o) = o**3 + 26*o**2 - o - 27. Let n be b(-26). Let a(f) = -21611*f - 1. Let i be a(n). Suppose 0 = 5*m - 15*m + i. Is m a prime number?
True
Suppose -37*s + 550991 = -8511278 - 8678158. Is s a prime number?
False
Suppose 2*y - 54 = -y. Let i(p) be the third derivative of -p**5/60 + 19*p**4/8 + p**3/6 - 23*p**2 + 5. Is i(y) a prime number?
False
Let h(f) = -7*f**3 - 186*f**2 - 232*f + 34. Is h(-39) a composite number?
True
Suppose -8*g = -q - 13*g + 26, 2*q + 4 = 4*g. Is (-151578)/(-13 + q) + 7 prime?
True
Let s be 468/221 + 2/(-17). Suppose 0 = -v + s*v + 10. Is ((-5)/(v/1594))/1 a prime number?
True
Let v(t) = 16472*t - 153. Is v(5) a composite number?
False
Let y(i) = -10*i + 41. Let p(f) = f - 21. Let d be p(4). Is y(d) prime?
True
Let q = 27331 - 3300. Is q a composite number?
True
Is 11 - 910/80 - (-147467)/8 a composite number?
False
Suppose 4 = 3*j - 5*w, -w + 5*w = 4*j - 8. Suppose j*g + 81447 = 5*v - 32726, -4 = -g. Is v prime?
False
Is ((-1135466)/(-7))/1 - ((-552)/84 + 7) composite?
False
Let u = 243 + -246. Is 2325 - ((-48)/(-4))/u a composite number?
True
Let p = -5294 - 603. Is p*2*((-6)/12 + 0) a prime number?
True
Let h = -359 - -382. Suppose 27*u = h*u + 5036. Is u a prime number?
True
Let w = 17 - -15. Is (-1 + -1)*8/w*-6814 a prime number?
True
Let v(l) = 8*l**2 - 11*l + 2. Let p(j) = -3*j + 6. Let q(w) = w - 2. Let t(g) = -4*p(g) - 11*q(g). Let u be t(-3). Is v(u) composite?
False
Let q(c) = -c**3 - 6*c**2 - 5*c + 1. Let j be q(-5). Suppose g + g = 5*b, 3*b = 5*g - 19. Is j/(-2)*(-1080 - b) composite?
False
Let k(u) = 115*u**2 + 3*u - 45. Is k(16) a composite number?
False
Suppose 13*x - 10083576 - 92681 = 0. Is x composite?
True
Suppose -2*d - 3*b = -438346, 2*d + 4*b = 142761 + 295581. Is d a composite number?
True
Let f be (-3778)/(-20) - (-54)/540. Suppose 0 = -4*k + 2*j + 732, -9*k + 2*j = -8*k - f. Is k a composite number?
False
Let z(m) = 113590*m**3 + 2*m**2 - 16*m + 15. Is z(1) a prime number?
True
Let z = 5317 - -29404. Is z prime?
True
Let m = 17 - 15. Let r be -1*((m - 2) + -3). Suppose -p - 2*w = -114, -w - 360 = -r*p + 2*w. Is p composite?
True
Let t = -12 - -20. Suppose 0 = 10*k - 2*k - 3912. Suppose -t*d - k = -11*d. Is d a prime number?
True
Let c(u) = u**2 + 13*u + 1. Let a(n) = -n**2 - 8*n + 18. Let r be a(-9). Is c(r) a composite number?
False
Suppose 4*x - 18764 = 4*w, 3*x + 4*w = x + 9412. Let h be -8 - -8 - x/(-2). Let y = h - 1639. Is y a composite number?
False
Is ((-24)/(-16))/(((-7)/(-39949868))/1*6) a composite number?
False
Let j(z) = 409 - 825 + 362 + 743*z. Is j(7) a composite number?
False
Let t = -147 + 207. Is 1 + -326*t/(-3) prime?
True
Let m(s) = s**3 - 11*s**2 + 18*s - 1. Let g be m(9). Let q be 18/9 + g/((-3)/(-9)). Is (-11)/((-132)/129 - q) composite?
True
Suppose 106*o + 880373 = 119*o. Is o a composite number?
True
Suppose 0 = 3*s + i - 2*i - 24, -4*s + 32 = -3*i. Suppose -383 = s*o - 1255. Is o prime?
True
Suppose -192 = 71*p - 75*p. Let a be ((-4)/(p/(-63)))/(2/1512). Let r = a + 578. Is r a composite number?
False
Suppose -4*h - 282202 = -2*x - 1756384, 0 = 3*h - 5*x - 1105640. Is h prime?
False
Let f = -434476 - -1463349. Is f a composite number?
False
Is ((-5)/(-45))/(17/873783) a composite number?
False
Let d(s) = 4992*s. Let t be d(-2). Let k = t - -16785. Is k composite?
True
Let m be (-2)/(-6)*(70 - 1). Suppose 4*i = -17 - m. Let k = i - -441. Is k prime?
True
Let b = -64 + 66. Suppose b*u = -d + 1298, 0 = -0*d + d - u - 1310. Is d a composite number?
True
Suppose -i = 4*l - 0*l + 4499, 0 = 3*i + 4*l + 13481. Let q = i + 3005. Let c = -1037 - q. Is c composite?
False
Let w(j) = -1733*j - 530. Is w(-33) composite?
False
Let t be -5*(11144/35)/4. Let q = t - -1485. Is q a prime number?
True
Let f(z) = z**2 + 20*z - 67. Let s be f(9). Suppose s*a = 189*a + 3935. Is a a prime number?
True
Suppose 4*i = i. Suppose -2*s + 2468 = 2*o, 4945 = -i*o + 4*o + s. Suppose -2490 = -c - c - 4*h, c = -4*h + o. Is c a composite number?
True
Suppose 667 + 217 = -17*m. Suppose -2*w + 282 - 88 = -5*x, 5*x = -w - 188. Let f = x - m. Is f a composite number?
True
Let h be 110/22 + -42127 + 1. Let t = -26625 - h. Suppose -t = -2*x - 6*x. Is x prime?
False
Let t be (11 - 1)*(-5)/(-2). Let u = -23 + t. Suppose 3*k - 1 = u*k, 4*m - k - 507 = 0. Is m a prime number?
True
Is 528418 + -2 + -7 + 13 prime?
False
Let m = -41994 - -179561. Is m prime?
True
Let a(j) = j**3 - 32*j**2 - 68*j - 8. Let v be a(34). Is 20/v + 9423/18 a composite number?
False
Let b(p) = -10*p**2 + 61*p + 7. Let m be b(6). Suppose -m*y + 1473 = -22174. Is y a prime number?
False
Suppose -i = 3*t - 3 + 13, i = 4*t + 18. Suppose -n = -i, -3*p = -n + 3*n - 4975. Is p a composite number?
False
Let b = -299074 - -475701. Is b a composite number?
True
Let r = 864 - -223. Is r composite?
False
Let a = -163 + 160. Is (7715/(-5))/(a/15) a prime number?
False
Suppose -s + 3831 = -l, 8089 = 5*s - 2*l - 11069. Let p = s + 4831. Is p prime?
T